0 - 4b2?
1039aa
In base 13, what is 2 + -551a1c?
-551a1a
In base 6, what is -15 - -344034122?
344034103
In base 2, what is -101101101101 + 10001111001?
-11011110100
In base 6, what is 3233053515 - -1?
3233053520
In base 10, what is 943 - 1799?
-856
In base 10, what is -51 + -3940857?
-3940908
In base 6, what is 335230130 + -12?
335230114
In base 8, what is -2117651 - 30?
-2117701
In base 13, what is 975 + -416?
55c
In base 5, what is -203444423 - 122?
-204000100
In base 14, what is a65 - -98b78?
997dd
In base 7, what is 6053 - 66652?
-60566
In base 5, what is 11024 + -334303031?
-334242002
In base 6, what is -1 - -11551020200?
11551020155
In base 13, what is -4 + -2a2259?
-2a2260
In base 5, what is -142420 - 2411443?
-3104413
In base 3, what is -11 + -20222202021002?
-20222202021020
In base 15, what is -b - 35c1291?
-35c129c
In base 15, what is -b4b5 + -3d8?
-b89d
In base 9, what is 142 + 14547?
14700
In base 14, what is -71 + 50546?
504b5
In base 7, what is 63602351 + 0?
63602351
In base 10, what is -1 - -2348893?
2348892
In base 16, what is 1a7 + -26d8?
-2531
In base 4, what is 11 - 22001033231133?
-22001033231122
In base 12, what is 19b30 + -1463?
18689
In base 2, what is -1011100111101 + -101001000111101?
-110100101111010
In base 4, what is 22000120 + -12123?
21321331
In base 7, what is -2553 - -446602?
444016
In base 13, what is 1 - -4a18804?
4a18805
In base 10, what is -1187 - -83791?
82604
In base 14, what is c95503 + -17?
c954ca
In base 7, what is 12505 + -1333530?
-1321022
In base 15, what is 38 - 7783cc?
-778394
In base 15, what is -120 - -ba7d?
b95d
In base 3, what is 1202020 + 2001021121?
2010000211
In base 2, what is -11 - -100111010111101110110011100?
100111010111101110110011001
In base 3, what is 2 - -1020211001112?
1020211001121
In base 7, what is 2561620063 + -3?
2561620060
In base 10, what is -903732 - 10?
-903742
In base 7, what is 3 - 121000354?
-121000351
In base 11, what is 19 + 148044?
148062
In base 4, what is -13 - -201311202013?
201311202000
In base 7, what is -2543526 - -165?
-2543331
In base 11, what is 68 - 1252889?
-1252821
In base 2, what is -11010 + -1010010011100010110?
-1010010011100110000
In base 12, what is 0 + 57403a3?
57403a3
In base 6, what is 5420 - 32452?
-23032
In base 5, what is 0 + -121121302420?
-121121302420
In base 5, what is -2 - 303044102?
-303044104
In base 6, what is 304 - -52111422?
52112130
In base 6, what is -12 - -124204410?
124204354
In base 11, what is 120 - -143656?
143776
In base 6, what is -23353111 - -10?
-23353101
In base 10, what is 3144125 - 3?
3144122
In base 16, what is 19 + -a54d81?
-a54d68
In base 13, what is -5c7903 - 0?
-5c7903
In base 13, what is 1571c71 - 3?
1571c6b
In base 8, what is 40552112 - 7?
40552103
In base 9, what is -2161082 + -10?
-2161102
In base 14, what is -20566b + -61?
-2056cc
In base 9, what is -2520 - 2305?
-4825
In base 6, what is -13 + -101014053?
-101014110
In base 4, what is 33131013310 - 203?
33131013101
In base 4, what is -10002102021 - -10?
-10002102011
In base 7, what is -2 - 351605664?
-351605666
In base 14, what is -c0 + 23477?
23397
In base 9, what is -5 + 3104513?
3104507
In base 11, what is -19 - -a0517?
a04a9
In base 2, what is -11000111110110 + 1010100011000?
-1110011011110
In base 4, what is 202330 + 11132103?
12001033
In base 9, what is -1805 - 41612?
-43517
In base 3, what is 10120 + -222122122100201?
-222122122020011
In base 15, what is 11a12 - -38da?
153ec
In base 5, what is 2 - 1142134324222?
-1142134324220
In base 12, what is -12a4 + 392b8?
38014
In base 11, what is 450074 + 4?
450078
In base 10, what is 645 - 1035?
-390
In base 15, what is -48d + -6dd?
-b7b
In base 2, what is 101111100100000 - 1111000?
101111010101000
In base 9, what is 1313442 - -352?
1313804
In base 3, what is -2102212 - -12202002?
10022020
In base 7, what is 16 + 160326360?
160326406
In base 8, what is 11467725 - 5?
11467720
In base 15, what is -c0d19 + -6b?
-c0d85
In base 6, what is 10003011200 - 2?
10003011154
In base 3, what is 1 + -110202220202020?
-110202220202012
In base 5, what is 11 + -11134412?
-11134401
In base 11, what is -516041526 + 0?
-516041526
In base 5, what is 2134143304 - -31?
2134143340
In base 15, what is 3 - -845856?
845859
In base 10, what is 0 - -138713075?
138713075
In base 13, what is -817 - -617b?
5664
In base 12, what is 54 - 6235?
-61a1
In base 4, what is 2310 - 133032010?
-133023100
In base 2, what is 1 - 1011000010011110101001110?
-1011000010011110101001101
In base 9, what is -11416566 - 24?
-11416601
In base 15, what is 8 + -2277869?
-2277861
In base 12, what is 2b4b2b - 3?
2b4b28
In base 11, what is 0 + 1238387?
1238387
In base 8, what is -2245657 - -12?
-2245645
In base 10, what is -152621 + -1970?
-154591
In base 10, what is 6467 + 2683?
9150
In base 16, what is -40ab55 + -1?
-40ab56
In base 14, what is -b0305a - -3?
-b03057
In base 5, what is -3220303214 - -1?
-3220303213
In base 13, what is -23044 + -197?
-2320b
In base 16, what is -23 + -5bf06a?
-5bf08d
In base 14, what is 1 + 4a9a62?
4a9a63
In base 5, what is 22 + -341423001?
-341422424
In base 4, what is -230 + 200011113?
200010223
In base 6, what is 0 - 31202423?
-31202423
In base 3, what is -221221022 + 1100101?
-220120221
In base 5, what is -12203103 - -4122?
-12143431
In base 16, what is -64244 + -14?
-64258
In base 6, what is 1315 + 1041040?
1042355
In base 2, what is 10000000110110001000011 + -10101100?
10000000110101110010111
In base 11, what is a - 4609460?
-4609451
In base 8, what is -5315 - -37242?
31725
In base 5, what is -4 - -4004334444?
4004334440
In base 4, what is -322100323100 - -1?
-322100323033
In base 3, what is 1000020011021012 - 212?
1000020011020100
In base 14, what is 6a8294 + 1?
6a8295
In base 14, what is 0 - -2cdc86?
2cdc86
In base 15, what is 1 + -11d256?
-11d255
In base 14, what is -123b + -504?
-1741
In base 7, what is -22521361 + 1441?
-22516620
In base 16, what is 0 - -190e763a?
190e763a
In base 15, what is -2 + 3e833e0?
3e833dd
In base 14, what is 8c6dd - -11?
8c710
In base 7, what is -40 - -311214?
311144
In base 3, what is -10122111 - -202120210?
121221022
In base 12, what is 1599 - 404b?
-2672
In base 5, what is -1 + -10112103200?
-10112103201
In base 11, what is 5 + -11a07898?
-11a07893
In base 14, what is 5 - 42c8b8a?
-42c8b85
In base 14, what is 64b8 + 1979?
8053
In base 10, what is 14 - -13687302?
13687316
In base 12, what is 3b + 154572?
1545b1
In base 5, what is 104213432 - -12110?
104231042
In base 2, what is -100110100010 - 11110110111110?
-100011101100000
In base 4, what is 11020310100013 - 0?
11020310100013
In base 12, what is 2101636 - 30?
2101606
In base 2, what is 1010 + 10101101100111101000?
10101101100111110010
In base 15, what is 3c08 + -682?
3576
In base 9, what is 23031 + 16211?
40242
In base 13, what is -1ba682 + -28?
-1ba6aa
In base 6, what is 1003525 - -10415?
1014344
In base 15, what is 389 - 4291?
-3e07
In base 4, what is -2311022 - 123113?
-3100201
In base 9, what is 2543231 - 55?
2543165
In base 5, what is 10 + 4011211013?
4011211023
In base 13, what is 2 + -1281b51?
-1281b4c
In base 9, what is 125 - -2787052?
2787177
In base 15, what is -33 + 111b21e?
111b1db
In base 16, what is -a5 - 1a475?
-1a51a
In base 7, what is 1153 - -10024?
11210
In base 12, what is -1474b7 + 1a?
-147499
In base 6, what is 331514111 - -124?
331514235
In base 8, what is -200323 - -635?
-177466
In base 10, what is -2 + 18257928?
18257926
In base 9, what is -22363 - 30754?
-53227
In base 5, what is 113 + 12321030?
12321143
In base 10, what is 1 + 21887181?
21887182
In base 10, what is -9 + 3722346?
3722337
In base 7, what is -1100313 - -23?
-1100260
In base 14, what is ca37d1 - -4?
ca37d5
In base 10, what is -1666 + -4140?
-5806
In base 16, what is a + 1d42a?
1d434
In base 11, what is -6 - -1369a48?
1369a42
In base 6, what is -1033325 - -54103?
-535222
In base 14, what is -754 + 4a0b?
4297
In base 16, what is 554cf + -66?
55469
In base 10, what is -2427441 + 7?
-2427434
In base 9, what is 0 - 117382?
-117382
In base 3, what is 1111010200101 + -1211?
1111010121120
In base 3, what is -10 + -11101101101220?
-11101101102000
In base 10, what is 17 + -1090954?
-1090937
In base 11, what is 241540 + -6?
241535
In base 5, what is 4 - 2342332033?
